en 531 is divided by 311.
220
What is the remainder when 35275 is divided by 140?
135
Calculate the remainder when 30595 is divided by 22.
15
What is the remainder when 3649 is divided by 1384?
881
What is the remainder when 5148996 is divided by 38?
34
What is the remainder when 19147 is divided by 16?
11
What is the remainder when 5731 is divided by 288?
259
Calculate the remainder when 7735 is divided by 7734.
1
What is the remainder when 369566 is divided by 11?
10
Calculate the remainder when 511236 is divided by 35.
26
Calculate the remainder when 5606 is divided by 2782.
42
What is the remainder when 80847 is divided by 77?
74
What is the remainder when 346688 is divided by 57781?
2
What is the remainder when 3298 is divided by 44?
42
What is the remainder when 10402 is divided by 10382?
20
Calculate the remainder when 567 is divided by 104.
47
What is the remainder when 1496 is divided by 29?
17
Calculate the remainder when 2408973 is divided by 4.
1
Calculate the remainder when 3600 is divided by 3596.
4
Calculate the remainder when 17286 is divided by 162.
114
What is the remainder when 27199 is divided by 5?
4
What is the remainder when 146308 is divided by 48760?
28
What is the remainder when 66904 is divided by 33432?
40
What is the remainder when 6683 is divided by 392?
19
What is the remainder when 10707 is divided by 1462?
473
What is the remainder when 10313 is divided by 19?
15
What is the remainder when 432279 is divided by 684?
675
Calculate the remainder when 25634 is divided by 346.
30
What is the remainder when 101598 is divided by 25?
23
Calculate the remainder when 12274 is divided by 25.
24
What is the remainder when 31125 is divided by 591?
393
Calculate the remainder when 10879 is divided by 13.
11
What is the remainder when 16084 is divided by 15968?
116
Calculate the remainder when 228250 is divided by 138.
136
What is the remainder when 5010 is divided by 2500?
10
What is the remainder when 8689 is divided by 39?
31
Calculate the remainder when 9166820 is divided by 14.
12
What is the remainder when 1039 is divided by 64?
15
What is the remainder when 2678 is divided by 19?
18
What is the remainder when 18408 is divided by 1843?
1821
What is the remainder when 16759 is divided by 16510?
249
Calculate the remainder when 14300 is divided by 168.
20
Calculate the remainder when 3287 is divided by 175.
137
Calculate the remainder when 126390 is divided by 488.
486
Calculate the remainder when 335846 is divided by 313.
310
What is the remainder when 16032 is divided by 391?
1
What is the remainder when 165721 is divided by 240?
121
What is the remainder when 13274 is divided by 4372?
158
What is the remainder when 59083 is divided by 496?
59
Calculate the remainder when 3359 is divided by 839.
3
What is the remainder when 11260 is divided by 176?
172
What is the remainder when 70396 is divided by 6?
4
Calculate the remainder when 273833 is divided by 66.
65
Calculate the remainder when 1711802 is divided by 33.
26
What is the remainder when 109505 is divided by 2192?
2097
Calculate the remainder when 206639 is divided by 67.
11
Calculate the remainder when 14653 is divided by 4854.
91
Calculate the remainder when 21875 is divided by 60.
35
Calculate the remainder when 7376 is divided by 877.
360
What is the remainder when 403702 is divided by 216?
214
Calculate the remainder when 3227 is divided by 58.
37
Calculate the remainder when 7979 is divided by 140.
139
Calculate the remainder when 799487 is divided by 144.
143
Calculate the remainder when 106063 is divided by 3214.
1
Calculate the remainder when 19350 is divided by 2418.
6
Calculate the remainder when 462713 is divided by 235.
233
What is the remainder when 9468 is divided by 4394?
680
What is the remainder when 3827 is divided by 601?
221
What is the remainder when 12415 is divided by 6164?
87
What is the remainder when 314 is divided by 56?
34
Calculate the remainder when 7603 is divided by 2476.
175
What is the remainder when 12862 is divided by 643?
2
Calculate the remainder when 8494 is divided by 890.
484
Calculate the remainder when 6370 is divided by 98.
0
Calculate the remainder when 3053 is divided by 276.
17
Calculate the remainder when 17700 is divided by 1086.
324
Calculate the remainder when 1575 is divided by 648.
279
Calculate the remainder when 119871 is divided by 3.
0
What is the remainder when 23725 is divided by 24?
13
What is the remainder when 148519 is divided by 49493?
40
What is the remainder when 387871 is divided by 129279?
34
What is the remainder when 54970 is divided by 9159?
16
Calculate the remainder when 41119 is divided by 542.
469
Calculate the remainder when 2966 is divided by 192.
86
Calculate the remainder when 5151 is divided by 1018.
61
Calculate the remainder when 2462 is divided by 23.
1
What is the remainder when 1605 is divided by 1486?
119
Calculate the remainder when 15260 is divided by 2541.
14
Calculate the remainder when 48275 is divided by 16028.
191
What is the remainder when 98703 is divided by 2014?
17
Calculate the remainder when 3029 is divided by 966.
131
What is the remainder when 5513 is divided by 23?
16
Calculate the remainder when 3866 is divided by 1918.
30
What is the remainder when 1027 is divided by 976?
51
Calculate the remainder when 96147 is divided by 97.
20
Calculate the remainder when 83277 is divided by 83222.
55
What is the remainder when 13308 is divided by 29?
26
Calculate the remainder when 1826 is divided by 3.
2
Calculate the remainder when 19654 is divided by 116.
50
What is the remainder when 18068 is divided by 694?
24
Calculate the remainder when 6052 is divided by 600.
52
What is the remainder when 5770 is divided by 108?
46
What is the remainder when 69612 is divided by 44?
4
Calculate the remainder when 453 is divided by 315.
138
Calculate the remainder when 12303 is divided by 14.
11
What is the remainder when 6207 is divided by 444?
435
Calculate the remainder when 57597 is divided by 124.
61
Calculate the remainder when 7555 is divided by 521.
261
Calculate the remainder when 12214 is divided by 31.
0
What is the remainder when 370 is divided by 160?
50
What is the remainder when 48601 is divided by 54?
1
What is the remainder when 5293 is divided by 355?
323
Calculate the remainder when 11855 is divided by 2949.
59
What is the remainder when 19290 is divided by 23?
16
What is the remainder when 2334 is divided by 7?
3
Calculate the remainder when 107845 is divided by 35946.
7
What is the remainder when 283198 is divided by 1185?
1168
What is the remainder when 26301 is divided by 24?
21
What is the remainder when 13028 is divided by 4237?
317
Calculate the remainder when 10582 is divided by 29.
26
What is the remainder when 58465 is divided by 5314?
11
Calculate the remainder when 6402 is divided by 268.
238
Calculate the remainder when 5595 is divided by 29.
27
Calculate the remainder when 138317 is divided by 1369.
48
Calculate the remainder when 31681 is divided by 283.
268
Calculate the remainder when 95527 is divided by 19.
14
Calculate the remainder when 20629 is divided by 4122.
19
Calculate the remainder when 166101 is divided by 36.
33
Calculate the remainder when 75506 is divided by 32.
18
What is the remainder when 64522 is divided by 154?
150
What is the remainder when 125031 is divided by 1488?
39
Calculate the remainder when 3939282 is divided by 724.
722
What is the remainder when 56766 is divided by 11325?
141
Calculate the remainder when 273810 is divided by 91.
82
What is the remainder when 7735 is divided by 26?
13
Calculate the remainder when 6515 is divided by 2063.
326
What is the remainder when 7879 is divided by 6?
1
What is the remainder when 74584 is divided by 24800?
184
What is the remainder when 14027 is divided by 234?
221
Calculate the remainder when 52429 is divided by 1192.
1173
Calculate the remainder when 697863 is divided by 1460.
1443
What is the remainder when 536 is divided by 84?
32
What is the remainder when 315597 is divided by 15?
12
Calculate the remainder when 127 is divided by 5.
2
Calculate the remainder when 509775 is divided by 446.
443
What is the remainder when 7848 is divided by 558?
36
What is the remainder when 3